{"id":292,"date":"2020-06-05T07:06:01","date_gmt":"2020-06-05T07:06:01","guid":{"rendered":"http:\/\/www.kerisalo.fi\/?page_id=292"},"modified":"2025-04-02T10:28:45","modified_gmt":"2025-04-02T10:28:45","slug":"tervetuloa","status":"publish","type":"page","link":"https:\/\/www.kerisalo.fi\/","title":{"rendered":""},"content":{"rendered":"\n<figure class=\"wp-block-image size-large\"><img loading=\"lazy\" decoding=\"async\" width=\"1024\" height=\"656\" src=\"http:\/\/www.kerisalo.fi\/wp-content\/uploads\/2021\/04\/Brown-Plain-Collage-Facebook-Post-2-1024x656.png\" alt=\"\" class=\"wp-image-812\" srcset=\"https:\/\/www.kerisalo.fi\/wp-content\/uploads\/2021\/04\/Brown-Plain-Collage-Facebook-Post-2-1024x656.png 1024w, https:\/\/www.kerisalo.fi\/wp-content\/uploads\/2021\/04\/Brown-Plain-Collage-Facebook-Post-2-300x192.png 300w, https:\/\/www.kerisalo.fi\/wp-content\/uploads\/2021\/04\/Brown-Plain-Collage-Facebook-Post-2-768x492.png 768w, https:\/\/www.kerisalo.fi\/wp-content\/uploads\/2021\/04\/Brown-Plain-Collage-Facebook-Post-2-1536x984.png 1536w, https:\/\/www.kerisalo.fi\/wp-content\/uploads\/2021\/04\/Brown-Plain-Collage-Facebook-Post-2-94x60.png 94w, https:\/\/www.kerisalo.fi\/wp-content\/uploads\/2021\/04\/Brown-Plain-Collage-Facebook-Post-2.png 1880w\" sizes=\"(max-width: 1024px) 100vw, 1024px\" \/><\/figure>\n\n\n\n<h2 class=\"wp-block-heading\">Hei ja tervetuloa! <\/h2>\n\n\n\n<p>Kerisalo on pohjois-savolainen, Joroisten kuntaan kuuluva pieni, touhukas ja omatoiminen kyl\u00e4. Seurapirtin varaustilanteen n\u00e4et alta:<\/p>\n\n\n\n<p><a href=\"https:\/\/calendar.google.com\/calendar\/u\/0\/embed?src=kerisalonmetsastysseura@gmail.com&amp;ctz=Europe\/Helsinki\" data-type=\"link\" data-id=\"https:\/\/calendar.google.com\/calendar\/u\/0\/embed?src=kerisalonmetsastysseura@gmail.com&amp;ctz=Europe\/Helsinki\">Seurapirtin varauskalenteri<\/a><\/p>\n\n\n\n<p><br>Kyl\u00e4n ja sen seurojen somekanavat ja nettisivut:<\/p>\n\n\n\n<p>Kerisalon kyl\u00e4n <a href=\"https:\/\/www.instagram.com\/kerisalo\" target=\"_blank\" rel=\"noreferrer noopener\">instagram<\/a><\/p>\n\n\n\n<p>Kerisalon kyl\u00e4yhdistyksen <a rel=\"noreferrer noopener\" href=\"https:\/\/www.facebook.com\/Kerisalon-Kyl%C3%A4yhdistys-104266097994405\" target=\"_blank\">facebook<\/a> <\/p>\n\n\n\n<p>Kerisalon kisan <a rel=\"noreferrer noopener\" href=\"https:\/\/www.facebook.com\/kerisalonkisa\" target=\"_blank\">facebook<\/a><\/p>\n\n\n\n<p>Kerisalon mets\u00e4stysseuran <a rel=\"noreferrer noopener\" href=\"https:\/\/www.kerisalonmetsastysseura.fi\/\" target=\"_blank\">nettisivut<\/a><\/p>\n\n\n\n<h2 class=\"wp-block-heading\">Kyl\u00e4n tapahtumat<\/h2>\n\n\n\n<iframe loading=\"lazy\" src=\"https:\/\/calendar.google.com\/calendar\/embed?src=f5b9c21a2597fd7c71808c18a18d762d4d8ab47147c563a2b57246fc4458dd6a%40group.calendar.google.com&#038;ctz=Europe%2FHelsinki\" style=\"border: 0\" width=\"800\" height=\"600\" frameborder=\"0\" scrolling=\"no\"><\/iframe>\n","protected":false},"excerpt":{"rendered":"<p>Hei ja tervetuloa! Kerisalo on pohjois-savolainen, Joroisten kuntaan kuuluva pieni, touhukas ja omatoiminen kyl\u00e4. Seurapirtin varaustilanteen n\u00e4et alta: Seurapirtin varauskalenteri Kyl\u00e4n ja sen seurojen somekanavat ja nettisivut: Kerisalon kyl\u00e4n instagram Kerisalon kyl\u00e4yhdistyksen facebook Kerisalon kisan facebook Kerisalon mets\u00e4stysseuran nettisivut Kyl\u00e4n tapahtumat<\/p>\n","protected":false},"author":2,"featured_media":812,"parent":0,"menu_order":0,"comment_status":"closed","ping_status":"closed","template":"","meta":{"_monsterinsights_skip_tracking":false,"_monsterinsights_sitenote_active":false,"_monsterinsights_sitenote_note":"","_monsterinsights_sitenote_category":0,"footnotes":""},"_links":{"self":[{"href":"https:\/\/www.kerisalo.fi\/index.php?rest_route=\/wp\/v2\/pages\/292"}],"collection":[{"href":"https:\/\/www.kerisalo.fi\/index.php?rest_route=\/wp\/v2\/pages"}],"about":[{"href":"https:\/\/www.kerisalo.fi\/index.php?rest_route=\/wp\/v2\/types\/page"}],"author":[{"embeddable":true,"href":"https:\/\/www.kerisalo.fi\/index.php?rest_route=\/wp\/v2\/users\/2"}],"replies":[{"embeddable":true,"href":"https:\/\/www.kerisalo.fi\/index.php?rest_route=%2Fwp%2Fv2%2Fcomments&post=292"}],"version-history":[{"count":27,"href":"https:\/\/www.kerisalo.fi\/index.php?rest_route=\/wp\/v2\/pages\/292\/revisions"}],"predecessor-version":[{"id":947,"href":"https:\/\/www.kerisalo.fi\/index.php?rest_route=\/wp\/v2\/pages\/292\/revisions\/947"}],"wp:featuredmedia":[{"embeddable":true,"href":"https:\/\/www.kerisalo.fi\/index.php?rest_route=\/wp\/v2\/media\/812"}],"wp:attachment":[{"href":"https:\/\/www.kerisalo.fi\/index.php?rest_route=%2Fwp%2Fv2%2Fmedia&parent=292"}],"curies":[{"name":"wp","href":"https:\/\/api.w.org\/{rel}","templated":true}]}}